{"id":32,"date":"2022-08-17T17:15:39","date_gmt":"2022-08-17T17:15:39","guid":{"rendered":"https:\/\/caridadloja.es\/?page_id=32"},"modified":"2023-08-01T17:05:51","modified_gmt":"2023-08-01T17:05:51","slug":"junta-de-gobierno","status":"publish","type":"page","link":"https:\/\/caridadloja.es\/?page_id=32","title":{"rendered":"JUNTA DE GOBIERNO"},"content":{"rendered":"\n<p>Desde el pasado 5 de mayo de 2022, se ratific\u00f3 la nueva junta de gobierno de esta Hermandad Patronal.<\/p>\n\n\n\n<p>Consiliario: Rvdo. Padre D. Juan Carlos Hidalgo Z\u00fa\u00f1iga<\/p>\n\n\n\n<p>Hermano Mayor: D. Jos\u00e9 Manuel Ramos Rodr\u00edguez<\/p>\n\n\n\n<p>Vice-Hermano Mayor: D. Rafael Alcaide D\u00edaz<\/p>\n\n\n\n<p>Secretario: D. Joaqu\u00edn Ramos G\u00e1miz<\/p>\n\n\n\n<p>Vice-Secretario: D. N\u00e9stor Javier Torres Lara<\/p>\n\n\n\n<p>Tesorero: D. Jaime Rodr\u00edguez Sola<\/p>\n\n\n\n<p>Vice-Tesorera: D\u00f1a. Mar\u00eda Jos\u00e9 Gonz\u00e1lez Ram\u00edrez<\/p>\n\n\n\n<p>Albacea: D. \u00c1ngel David L\u00f3pez L\u00f3pez<\/p>\n\n\n\n<p>Vocal de Manifestaciones P\u00fablicas y Juventud: D. David Siles P\u00e9rez<\/p>\n\n\n\n<p>Vocal de Formaci\u00f3n: D\u00f1a. Eva Mar\u00eda Caihuela Ram\u00edrez<\/p>\n\n\n\n<p>Vocal de Cultos: D\u00f1a. Mar\u00eda del Carmen Campos L\u00f3pez<\/p>\n\n\n\n<p>Vocal de Caridad: D\u00f1a. Mar\u00eda del Carmen Garc\u00eda Fuentes<\/p>\n\n\n\n<p>Vocal de Horquilleros: D. V\u00edctor Manuel L\u00f3pez Cantano<\/p>\n","protected":false},"excerpt":{"rendered":"<p>Desde el pasado 5 de mayo de 2022, se ratific\u00f3 la nueva junta de gobierno de esta Hermandad Patronal. Consiliario: Rvdo. Padre D. Juan Carlos Hidalgo Z\u00fa\u00f1iga Hermano Mayor: D. Jos\u00e9 Manuel Ramos Rodr\u00edguez Vice-Hermano Mayor: D. Rafael Alcaide D\u00edaz Secretario: D. Joaqu\u00edn Ramos G\u00e1miz Vice-Secretario: D. N\u00e9stor Javier Torres Lara Tesorero: D. Jaime Rodr\u00edguez&hellip; <a class=\"more-link\" href=\"https:\/\/caridadloja.es\/?page_id=32\">Seguir leyendo <span class=\"screen-reader-text\">JUNTA DE GOBIERNO<\/span><\/a><\/p>\n","protected":false},"author":1,"featured_media":0,"parent":27,"menu_order":0,"comment_status":"closed","ping_status":"closed","template":"","meta":{"footnotes":""},"class_list":["post-32","page","type-page","status-publish","hentry","entry"],"_links":{"self":[{"href":"https:\/\/caridadloja.es\/index.php?rest_route=\/wp\/v2\/pages\/32","targetHints":{"allow":["GET"]}}],"collection":[{"href":"https:\/\/caridadloja.es\/index.php?rest_route=\/wp\/v2\/pages"}],"about":[{"href":"https:\/\/caridadloja.es\/index.php?rest_route=\/wp\/v2\/types\/page"}],"author":[{"embeddable":true,"href":"https:\/\/caridadloja.es\/index.php?rest_route=\/wp\/v2\/users\/1"}],"replies":[{"embeddable":true,"href":"https:\/\/caridadloja.es\/index.php?rest_route=%2Fwp%2Fv2%2Fcomments&post=32"}],"version-history":[{"count":4,"href":"https:\/\/caridadloja.es\/index.php?rest_route=\/wp\/v2\/pages\/32\/revisions"}],"predecessor-version":[{"id":340,"href":"https:\/\/caridadloja.es\/index.php?rest_route=\/wp\/v2\/pages\/32\/revisions\/340"}],"up":[{"embeddable":true,"href":"https:\/\/caridadloja.es\/index.php?rest_route=\/wp\/v2\/pages\/27"}],"wp:attachment":[{"href":"https:\/\/caridadloja.es\/index.php?rest_route=%2Fwp%2Fv2%2Fmedia&parent=32"}],"curies":[{"name":"wp","href":"https:\/\/api.w.org\/{rel}","templated":true}]}}